ctors of (-1)/(-4 - 343/(-86))?
2, 43
Suppose 4*t - 47 + 9 = -2*g, 5*t + 20 = 2*g. Suppose 0 = 3*w + 5*y - 4, -5*w + 3*y + g = -w. What are the prime factors of w?
3
Let y(p) be the first derivative of p**5/60 + p**4/6 + 5*p**3/6 + 3*p**2/2 - 1. Let n(h) be the second derivative of y(h). What are the prime factors of n(-5)?
2, 5
List the prime factors of (-414)/((-1)/1*1).
2, 3, 23
Suppose -4*g - 4 = -4*y, 0*y - y + 5*g = 7. Suppose 6 = -2*p, -y*o = -6*o - 5*p + 33. What are the prime factors of o?
2
Let p(o) = -2*o - 9. Let m be p(-6). List the prime factors of 0 + (3 - (-93)/m).
2, 17
Suppose 0 = -r + 5*l + 31, 0 = r - l + 2*l - 13. What are the prime factors of r?
2
Suppose -3*i = 13 - 25. What are the prime factors of i?
2
Let r = 9 + -4. Suppose -24 = -3*g - 2*k + 41, 5*g - 150 = r*k. List the prime factors of g.
5
Suppose 0 = -0*k - 3*k - 24. Let u = 6 + k. What are the prime factors of 14*1 + 2/u?
13
Let h(n) = 17*n - 10. List the prime factors of h(4).
2, 29
Suppose 0 = -4*v + y + 213, -3*v - y + 181 = 16. List the prime factors of v.
2, 3
Let z = -1 + -5. Let m be ((-10)/(-3))/(2/z). What are the prime factors of (-66)/m + (-14)/(-35)?
7
Let u = 4 - -6. Suppose 14 = 4*h - u. What are the prime factors of h?
2, 3
Let f(p) = p. Let t be f(9). Suppose -t*a = -5*a - 16. What are the prime factors of a?
2
Suppose i = -2*n + 303, -2*n + 145 = 3*i - 156. What are the prime factors of n?
2, 19
Suppose -33 = -3*h - k - 12, -12 = -3*h + 2*k. Let f be h/3*(-9)/2. Let d(s) = s**3 + 9*s**2 + 4. What are the prime factors of d(f)?
2
What are the prime factors of (-16)/80 + 186/5?
37
Suppose 2*h + n - 7 = 12, h - 5*n - 15 = 0. Let u = 18 - h. Let f = -4 + u. What are the prime factors of f?
2
What are the prime factors of (-6)/(-21)*1 + (-551)/(-7)?
79
Let b(c) = -c**3 + c**2 - c + 5. Let o be b(0). Suppose -3 = -4*v - f, 3*v - f - 3*f - 7 = 0. Let p = o - v. List the prime factors of p.
2
Suppose 2*i = 5*b + 45, 0*b - 4*b - i - 23 = 0. Let s = 24 + -44. Let f = b - s. List the prime factors of f.
13
Suppose -h = -4*h. Let v(f) be the second derivative of f**5/20 - f**3/6 + 3*f**2/2 - 3*f. List the prime factors of v(h).
3
Suppose t + 4*t = 25. Let k(s) = -s + 6. Let w be k(t). Let b = 4 - w. List the prime factors of b.
3
Let y(w) be the third derivative of w**5/30 + w**4/6 + 8*w**2. Let o = -11 - -8. List the prime factors of y(o).
2, 3
Let x = 95 + -33. What are the prime factors of x?
2, 31
Suppose 0 = -4*d + d + 84. List the prime factors of d.
2, 7
Suppose 0 = 4*n - 3*n - 2. Suppose -r = -0*r - n. List the prime factors of r.
2
Suppose 2*c - 155 = -3*c. List the prime factors of c.
31
Let t(v) = -13*v - 8. Let n be t(-5). Let k = n + 4. What are the prime factors of k?
61
Let j(r) = -6 - r**2 - 10*r + 4*r + 3. What are the prime factors of j(-5)?
2
Suppose 284 = 6*s - 10. List the prime factors of s.
7
Suppose 140 = 4*j - 5*z, 3*j + 13 = -5*z + 83. What are the prime factors of j?
2, 3, 5
What are the prime factors of (-1 - 1/2)/((-42)/4284)?
3, 17
Suppose 0 = -3*q - q - 12. Let y(s) = s**2 + s - 3. List the prime factors of y(q).
3
Let w(s) = s**2 - 4*s + 1. Let y be w(5). Let z(n) = n**3 - 5*n**2 - 6*n + 3. List the prime factors of z(y).
3
Let s be -6*2/9*-6. Let b be (-4 - 1)*s/(-10). Suppose b*t - 13 = 5*d, -3*d + 5 - 16 = -4*t. List the prime factors of t.
2
Suppose 0 = -32*t + 26*t + 1578. List the prime factors of t.
263
Let z = -6 - -8. Suppose 0 = 3*c + z*v - 128, -2*c = 5*v - 98 + 9. List the prime factors of c.
2, 3, 7
Let k(w) = -w**2 - 25*w - 20. List the prime factors of k(-18).
2, 53
List the prime factors of -1 - (-48 + 4 - 4).
47
Suppose -4*y + 2*y + 28 = 0. Let c be 2/(-6) - 32/(-6). Suppose 0 = -3*r + c*r - y. What are the prime factors of r?
7
Let s(p) = -p**3 + 5 - 6 - 10*p - 8*p**2 - 6. Let n be s(-7). Let y = -3 + n. List the prime factors of y.
11
Suppose 18 = h - 4. List the prime factors of h.
2, 11
Let z(w) = w**2 + w + 9. Suppose -4*n + 0*y = -2*y + 18, n = -4*y + 9. Let g = 3 + n. List the prime factors of z(g).
3
Suppose 4*k = -k + 170. Suppose -4*m - 5*c + 58 = 0, -m = m + 5*c - k. List the prime factors of m.
2, 3
Let q = 0 + 0. Let g be 20/4 + (1 - -3). List the prime factors of 3*39/g + q.
13
Let g(p) = p**3 + 5*p**2 - 8*p - 8. Let o be g(-6). Suppose -5 = -4*d + 15, 4*w = 2*d + 10. Suppose -o = -t + w. List the prime factors of t.
3
Let u = -11 - -15. Suppose -u - 35 = -3*z. List the prime factors of z.
13
Suppose -9 - 3 = -3*b. List the prime factors of (-1)/b + (-42)/(-8).
5
Let h = 204 + -86. List the prime factors of h.
2, 59
Let y(b) = -b**3 + 2*b**2 - b - 17. List the prime factors of y(-5).
163
Let k(n) be the first derivative of -n**3/3 + 7*n**2/2 + 4*n + 1. Suppose -7*q + 2*q - 43 = -3*i, q = -3*i + 13. List the prime factors of k(i).
2, 5
Let k(y) = -1 - 2 - 5*y - 4 + 3. List the prime factors of k(-4).
2
Suppose 6*g = 2*g + 120. List the prime factors of g.
2, 3, 5
Let a be 1 + 2 + 0 + -1. Suppose -a*w = -7*w + 70. List the prime factors of w.
2, 7
Suppose -2 - 2 = -y. What are the prime factors of y + -3 + -5 + 49?
3, 5
Suppose 2*k + 196 + 280 = 0. What are the prime factors of k/(-18) - 4/18?
13
Let z be 26 + (-2 - 2*-1). Suppose -2*f - z = 4. List the prime factors of (2 - f/(-2))*-2.
11
Let h(w) = 2 + 3 + 3*w - 4 - 3. What are the prime factors of h(4)?
2, 5
Suppose 0 = 5*a - h - 236, 5*a = -3*h - 2*h + 260. Suppose -4*r + a + 1 = -3*n, -5*n = -4*r + 47. What are the prime factors of r?
13
Suppose 0 = -t - g + 2*g - 16, 3*t - 5*g + 42 = 0. Let p = 42 + t. List the prime factors of p.
23
Let z = -12 - -22. Suppose -2*y + 6*y - h = 40, z = y + 4*h. What are the prime factors of y?
2, 5
Let q(h) = -h**3 + 7*h**2 + 1. Let m be q(7). Let y be (-3 + 2)*(6 - m). Let u(g) = -g + 3. List the prime factors of u(y).
2
List the prime factors of (27/(-6) + 3)*(-130)/3.
5, 13
Let w(r) = -2*r - 1. Let k be w(-2). Suppose -3*n + 3*d + 3 = 0, n + d - 4 = 1. Suppose -24 - k = -n*j. List the prime factors of j.
3
Let w be (-1)/(-2) + (-18)/(-4). Let u(y) = -y**2 + 13*y - 7. What are the prime factors of u(w)?
3, 11
Let b(k) = -k**3 - 3*k**2 + k - 5. Let j = -22 - -18. List the prime factors of b(j).
7
Let g(n) = n**2 + 7*n + 3. Let s be g(-6). Suppose 2 = -k + 2*k. What are the prime factors of (3 - s)/1 + k?
2
Suppose 10 = -5*m, -3*x + 5 = -0*m + 2*m. Suppose 0 = -x*k + 33 + 27. What are the prime factors of k?
2, 5
Suppose 0*v - 4*o = -2*v + 4, 3*v = -2*o + 22. What are the prime factors of (-2)/v + (-58)/(-3)?
19
Suppose -2*r + 32 = 3*j, 2*j - 28 = -2*r - r. List the prime factors of (-73)/(-5) + j/20.
3, 5
Let u(k) = 2*k - 3. Let p(f) = 3*f - 6. Suppose -5*r + 3 + 22 = 0. Let j(w) = r*u(w) - 3*p(w). What are the prime factors of j(9)?
2, 3
Let u(k) = -2*k + 3. Let h be u(0). Let x = 14 - h. List the prime factors of x.
11
Let k(i) = -i. Let g be k(7). List the prime factors of g/(-2) + 9/(-6).
2
Let t(s) = s**2 - 2*s + 2. Let i be t(4). Let n = -1 + i. Suppose 3*c = r + 9, 2*c - n + 3 = -4*r. What are the prime factors of c?
3
Let b be (-5)/(1*(-1)/(-1)). Let s(g) = 4*g + 0 + 2 - g**2 - 10*g. What are the prime factors of s(b)?
7
Let u(r) = -33*r. List the prime factors of u(-4).
2, 3, 11
Suppose 47 = 2*s - 2*y - 3, -y + 35 = 2*s. What are the prime factors of s?
2, 5
List the prime factors of 10/(-4)*(-1136)/40.
71
Suppose -g - 20 + 75 = 2*k, -5*g + 281 = 4*k. List the prime factors of g.
3, 19
Let b = -29 + 63. What are the prime factors of b?
2, 17
Suppose 5*y = 149 + 76. Let h = 80 - y. List the prime factors of h.
5, 7
Let p be (-1)/((-1)/13)*1. Let o = p - 5. List the prime factors of o.
2
What are the prime factors of 2*(-2 + (-34)/(-4))?
13
Suppose -3*k + 8*k = 25, 0 = 5*v - 3*k + 5. Suppose 4*y = -4*r + 24, 6 = -v*y + 3*r - 2. What are the prime factors of y?
2
Let o(d) = d**2 + 3*d - 9. Let s be o(7). Suppose 3*k - s = -19. What are the prime factors of k?
2, 7
Let k(o) = -14*o. Let q be k(-2). Suppose -5*w + 22 + q = 0. List the prime factors of w.
2, 5
Suppose 3*f - j + 2*j = 111, 3*f = -4*j + 120. List the prime factors of f.
2, 3
Suppose -v = 4*x - 19 - 46, -15 = 5*v. Suppose -m = -b + 2*b - x, 4*m = -2*b + 68. What are the prime factors of m?
17
Let r be (-3 - -7)/(2/19). Let b = r - 23. 